82*l + 63. Let d(f) = 5*b(f) - 8*q(f). Determine d(7).
105
Let p(i) = 2*i**2 - 16*i - 8. Let w(v) = -5*v**2 + 33*v + 16. Let r(j) = 7*p(j) + 3*w(j). Suppose 137*x = 339*x + 2626. Determine r(x).
-8
Let w(m) = -m - 13. Suppose 4*l = 0, 3*j = l - 244 + 802. Let a = 169 - j. What is w(a)?
4
Let f(s) = -3*s + 3. Suppose -90 = 55*v - 145. What is f(v)?
0
Let o(z) be the first derivative of -2*z**3/3 + 9*z**2/2 - 3*z + 2571. Give o(1).
4
Let u(f) = -f**2 - 33*f + 196. Let k be ((-76)/(-7))/(38/(-133)). Determine u(k).
6
Let y(j) = j - j**3 + 352331 - 352332 + 5*j**3. Suppose 3*t = -2 + 5. Give y(t).
4
Let t(b) = -b**3 - 3*b**2 + 4*b + 2. Let m be t(-4). Let s(q) = -q - 23. Let u(y) = -8*y - 137. Let k(x) = 6*s(x) - u(x). Calculate k(m).
3
Let j(h) be the third derivative of -h**4/4 + 43*h**3/6 - 2*h**2 - 3*h + 29. Determine j(8).
-5
Suppose 97 + 95 = 16*g. Let z(v) = v**3 - 11*v**2 - 14*v + 28. Give z(g).
4
Suppose 0 = -5*b + 5*h + 30, 0*b + 4*h + 6 = -5*b. Let g(m) = -14 - m**3 - 2*m - 20 + 42 - 14 - 6*m**b. Calculate g(-6).
6
Let a(h) = -h**2 + 4*h - 2. Let d = 52 + -48. Let f(v) = -2 - 34*v + 1 + d + 33*v. Let k be f(0). Give a(k).
1
Let b = 63 + -51. Suppose b*m = 2*m - 980. Let f = 94 + m. Let i(h) = -h**3 - 4*h**2 + 4*h + 2. What is i(f)?
-14
Let i be (5/(-10))/(1/(-10)). Suppose 2*v - 11 = i*n, -2*v - 2*n - 2*n + 20 = 0. Let p(d) = d - 9. Calculate p(v).
-1
Let m(b) = 6*b**2 - 2*b - 5. Let n be 8/(-28)*-7 + 5/(-1)*1. Give m(n).
55
Let m(y) = y**3 + y**2 + y + 1. Let a(c) = -3*c**3 + 9*c**2 + 6*c + 4. Let t(v) = a(v) + 4*m(v). Calculate t(-12).
32
Let f(a) = 160*a + 7. Let u(d) = 87*d + 4. Let m(b) = 6*f(b) - 11*u(b). Suppose -3*o + 13*l = 17*l - 7, 4*o - l - 3 = 0. Calculate m(o).
1
Let f(h) = 18*h - 143. Let z(a) = -a**3 + 39*a**2 + 485*a + 252. Let k be z(49). What is f(k)?
-17
Let a(g) = 26 - 15 + 0*g**2 + g**3 - 8*g + 8*g**2. Let h be a(-9). Suppose -2*z - h*j + 4 = 0, 2*z + 7 = 4*j - 1. Let y(c) = -c**2 + 5. Determine y(z).
5
Let m = -57275 + 57278. Let f(g) = g + 1. Let w(i) = -16*i - 5. Let q(b) = 3*f(b) + w(b). Give q(m).
-41
Let a(k) = 17*k**3 + 2*k**2 - 10*k - 2. Let f(l) = 14*l**3 + l**2 - 9*l - 1. Let s(i) = -5*a(i) + 6*f(i). Calculate s(-4).
20
Let z(f) = -3276*f + 22 + 3277*f + 10. Let k(g) = -g - 29. Let o(w) = 6*k(w) + 5*z(w). Calculate o(-6).
-8
Let i = 3 + 0. Let q be (4/(-6))/(i*(-3)/216). Let g(u) = -2*u**2 + u**2 - q*u + 34*u - 19*u. Calculate g(-3).
-6
Let i(b) = -b**3 - b**2 - 4*b - 3. Let v be 1/(-1)*(1 + 5 + 1). Let t(h) = -5*h - 38. Let u be t(v). Determine i(u).
27
Suppose w + 5*n - 3 = 0, -n + 3237 = -5*w + 3252. Suppose 2*j - 3*j + 2 = 0. Let b(c) = c**3 - c - 3*c**2 + c**j - c. Determine b(w).
3
Let y be ((-102)/12 + 2)/((-1)/(-2)). Let i(g) = -g**3 - 13*g**2 - g - 17. Give i(y).
-4
Let l(s) be the first derivative of -s**3/3 - 4*s**2 + 31*s + 862. Determine l(-15).
-74
Let x be 1*2*(-2 - -3). Let p(b) = 5 + 0 - b**3 + 42*b + 3*b**2 + b**x - 43*b. Let n(w) = -w + 15. Let t be n(11). Give p(t).
1
Let b(t) = 24*t - 1710 + 3433 - 18*t - 1669. Give b(19).
168
Let x(j) = 9 - j**3 + 5*j**2 + 5*j**2 - 3*j + 10*j**2 - 14*j**2 + 4*j**2. Give x(10).
-21
Let k(v) = v - 14. Let b(y) be the first derivative of y**2/2 + 9*y + 56. Let i be b(-3). Determine k(i).
-8
Let n(v) = -4 + 26*v**2 - 27*v**2 + 8 - 2 + 5*v. Suppose -6 = -b - 0. What is n(b)?
-4
Let l be (-24)/(-1980)*15 + (-210)/(-55). Let w(n) be the first derivative of 4/3*n**3 - 29 - 1/4*n**l - n**2 + 3*n. What is w(4)?
-5
Let i be 2/(3/(-36)*-3). Let s(u) be the second derivative of -u**5/20 + 7*u**4/12 + 3*u**3/2 + u**2 - 40*u + 5. What is s(i)?
10
Let n(v) = 4 - 127724*v + 255443*v - 127718*v. Determine n(8).
12
Let g(d) = -36*d + 157. Let n be g(-5). Let m = n - 323. Let r(l) = -l**3 + 14*l**2 - l + 16. Determine r(m).
2
Suppose 13 + 7 = 4*l. Suppose 0 = -4*f - 4*c + 24, 6 = 3*c - 6. Let y(w) = 2*w**2 + w - 1. Let b(n) = -n**2 + 1. Let q(r) = f*y(r) + l*b(r). Determine q(4).
-5
Let n(c) = 2*c**2 + c - 1. Suppose 2*j - j = -0*j. Suppose m - 8*m + 42 = j. Let s be ((-150)/24 + m)/((-1)/4). What is n(s)?
2
Let i(c) be the second derivative of -c**4/12 - 2*c**3/3 + 39*c**2 + 3661*c. Calculate i(7).
1
Let n(m) = -6*m**2 + 13*m + 8. Let w(s) = -7*s**2 + 14*s + 9. Let a(k) = 6*n(k) - 5*w(k). Let g(v) = -300*v - 592. Let j be g(-2). Calculate a(j).
3
Let i(v) = v**3 + 11*v**2 - 12. Let o(a) = a**2 + 17*a + 12. Let l be o(-19). Suppose 5*p + l = -4*z + 11, -12 = z - p. Determine i(z).
-12
Let n = -2 + -1. Let g be ((-80)/100)/(4/(-10)). Let x(l) = 4*l**2 + 5*l - 3*l**g + 4 + l**3 + 0*l**2 + 2*l**2. What is x(n)?
-11
Let b(j) = 8*j**2 + 103*j - 23. Let x be b(-13). Let k(i) = -i**2 + i. Let f(r) = 4*r**2 + 7*r + 5. Let y(t) = f(t) + 3*k(t). Give y(x).
5
Let r(v) = -5*v**3 + 8 - 13*v**3 + 9*v**3 - 11 + 5*v - 2*v**2. What is r(1)?
-9
Let b(q) = 47*q**2 + 37*q**2 + 40*q**2 - 155*q**2 + 32*q**2 + 1. Let s be (-86)/11 - 4/22. Let n = s + 4. Calculate b(n).
17
Let n = 23 - -244. Let o = n - 189. Let k(c) = -4*c**2 + 83*c - o*c - 6 + 5*c**2. Give k(-6).
0
Let o(u) = -u**3 + u**2 - u + 3. Let a = 7158 - 7158. Determine o(a).
3
Let c = -27 + 33. Suppose -18 = 3*f + m + 4*m, -c = f + m. Let s(j) = -j**2 - 8*j + 5. Determine s(f).
17
Let w = -5417 + 5419. Let u be 3 - (-1 - (-1 - 2)). Suppose 2*f - 5*s - 17 = 0, w*f + u = 3*s + 12. Let z(q) = q - 2. Calculate z(f).
-1
Let l(t) be the second derivative of t**4/12 - 4*t**3/3 + 2*t**2 - 10*t. Suppose 77 = -4*d + 13. Let k be (-100)/d - (-5)/(-20). Give l(k).
-8
Let d(q) = q**2 - 9*q + 8. Let n be d(9). Let x = -14 + 19. Let g(z) = z**2 - 10*z + 10*z - 7*z - x. Determine g(n).
3
Let j(r) = r**2 + r - 35. Let p be j(6). Let i(k) = -k**3 - 7*k + 25 - 39 + 8*k**2 - 5*k + 6*k. Give i(p).
-7
Let n(q) = 2*q - 54*q**2 + 12*q**3 + 0*q**2 + 51*q**2. What is n(1)?
11
Let x(l) = l - 5. Let t be x(6). Let k be 3/((1/9)/t). Let b(p) = -6*p**2 + p + k - 13 + 7*p**2. Calculate b(0).
14
Suppose 3*r = -w - 334, -20 = -9*r + 14*r. Let x = w - -332. Let b(l) = 3*l - 12. Calculate b(x).
18
Let z be (-3*1)/(5/40 - 14/16). Let j(f) = f**3 - f**2 - 8*f + 5. What is j(z)?
21
Let i(o) = 2*o + 9. Let y(q) = 4. Let f(t) = -i(t) + 2*y(t). Let j(d) = 13*d + 8. Let u(r) = -21*f(r) - 3*j(r). Calculate u(-6).
-21
Let b(q) be the first derivative of 101*q**3/3 - q**2 - q - 1985. Give b(-1).
102
Let y(o) be the second derivative of o**5/20 - 13*o**4/12 + 13*o**3/6 - 9*o**2 - o. Suppose 22*g - 26*g - 132 = -15*g. Calculate y(g).
-6
Let w(v) = -4 - 6*v - 10082*v**2 + 10093*v**2 + 2*v - v**3. Determine w(7).
164
Let s(y) = -9*y**2 + y + 2. Let l(o) = -9*o**2 + o + 2. Let c(t) = -4*l(t) + 5*s(t). Let h = -1156 + 1158. What is c(h)?
-32
Suppose 31*z - 26*z + 132 = -28*z. Let q(o) = -14*o - 48. What is q(z)?
8
Let w(d) = -d**3 - 20*d**2 - 101*d - 24. Let m be w(-9). Let v(f) = -f**3 - 7*f**2 + 4*f + 14. Calculate v(m).
-46
Let y(l) be the third derivative of -2*l**4/3 - 83*l**3/3 - 994*l**2. Give y(-11).
10
Let d be 2*(-1)/6 - 14113/33. Let l = d - -415. Let a(y) = -y**2 - 15*y - 29. Calculate a(l).
-3
Let o(u) = 8 - 3*u - 3 - u**2 + 2*u - 62 + 41 - 11*u. Suppose p - 10 = b, 5 + 5 = -b + 5*p. What is o(b)?
4
Let l(x) = -x + 37. Suppose -1537 - 1983 = -85*b - 75*b. Determine l(b).
15
Let f(w) = -8*w**2 - w - 1. Let m(o) = -o**3 - 22*o**2 - 13*o - 3. Let p(z) = 4*f(z) - m(z). Give p(8).
-57
Let z(f) = 6*f - f + 1 + 0*f + f**2. Let b = -78 - -36. Let n = b - -37. Calculate z(n).
1
Let g(z) = -2*z - 5. Let d be g(-6). Let j(h) = d + 0*h - h**2 - h - 4*h. Let n be 5/45 - (-400)/45 - 14. Determine j(n).
7
Let j(x) = -95*x + 913 - 95*x + 410*x - 107*x - 99*x. Calculate j(-65).
3
Let d be (4/(-5))/(6/(-75)). Let n(q) = -d*q - 8 + 5*q - 4 + 25 - q**2. Give n(-7).
-1
Let y(v) = -14 + 3*v**2 + 10274*v + 0*v**2 - 13 - 10268*v. What is y(4)?
45
Let b(r) = -5*r - 407 - 396 + 799. Give b(2).
-14
Let n(c) = -c**3 + 9*c**2 - 2*c - 6. Let h(k) = -156*k - 153. Let v be h(-1). What is n(v)?
42
Let k be (-1 - -1) + -13 + -72. Let i be 2/7 - -6*k/70. Let y(f) = -f + 2*f + f + 7*f**2 + 6 + f**3. Give y(i).
-8
Let l(t) = 1 + 9*t - 11*t**2 - t**3 + 11*t - 38*t + 8*t. Determine l(-10).
1
Let b(y) = y**3 + y. Let q(h) = 3*h**3 + 3*h**2 + 6*h - 3. Let i = 71 - 72. Let f(p) = i*q(p) + 4*b(p). Give f(3)